7 = -b. What are the prime factors of a?
23
Let h = -188 + 316. List the prime factors of h.
2
Let t(h) be the first derivative of 2 + 1/4*h**4 + 5*h**2 - 6*h - 3*h**3. What are the prime factors of t(8)?
2, 5
Let q = 89 - 54. What are the prime factors of q?
5, 7
Let c = 14 + -10. Suppose -c*p + 2*g - 1 = -43, -2*g + 38 = 4*p. What are the prime factors of p?
2, 5
What are the prime factors of 912/(-40)*(1 - (-26)/(-6))?
2, 19
Let g(y) = 13*y - 1. Let t(c) = c**2 - 7*c. Let a be t(7). Suppose a = -2*b + 4 - 2. List the prime factors of g(b).
2, 3
Suppose f = -2*f - 18. Let t(r) = 5 - 2*r - 2 - 2. What are the prime factors of t(f)?
13
What are the prime factors of (-12)/(2 + 1) - -74?
2, 5, 7
Suppose 4*v - 16 = 2*o, -5*v + 2 = 2*o - 0. Let x(y) = -2 + 2 - 3*y + 0*y. List the prime factors of x(o).
2, 3
Let f = 143 - 81. Let l = f - -7. Suppose 2*b = -b + y + 48, 5*b = -2*y + l. What are the prime factors of b?
3, 5
Suppose -13 = 5*l + 22. List the prime factors of 2/l + 321/21.
3, 5
Let n(i) = -i**3 + 11*i**2 - i - 24. What are the prime factors of n(10)?
2, 3, 11
Suppose -h - 3 + 10 = 0. Let j = 35 - h. List the prime factors of j.
2, 7
Let a(o) = 7*o**2 + o. Let b be a(-1). Suppose 25 = -5*x + b*x. List the prime factors of x.
5
Let i(w) = w. Let s be i(0). Suppose 4*r - 2*n - 16 = n, 5*r + 2*n - 20 = s. List the prime factors of r.
2
Let v = -4 - -6. Suppose 6 = -v*u - u. List the prime factors of 2 - ((-15)/3 + u).
3
Suppose -9 = -3*x - 3*j, 4*x + 2*j = -x. Let f = 1 - x. Suppose 4*o - o - 24 = -f*a, a - 5*o - 38 = 0. List the prime factors of a.
13
Suppose 4*i - 5*i + 6 = 0. List the prime factors of i.
2, 3
List the prime factors of ((-1267)/49 - -1)/(1/(-7)).
2, 3, 29
Let l = -2 + 18. Let q = -4 - 0. Let a = q + l. List the prime factors of a.
2, 3
Let t = 90 - 36. What are the prime factors of t?
2, 3
Suppose 4*f + 5*i - 527 = 0, 2*f - 2*i = 3*i + 241. Suppose -4*r = 3*l - f, -4*r + 26 = 5*l - 94. List the prime factors of r.
5, 7
Suppose 5*v - 6*m - 180 = -m, 2*v - 5*m - 57 = 0. What are the prime factors of v?
41
Let i be (-6)/(-9) + 8/(-3). Let q = 1 - i. What are the prime factors of q?
3
Suppose 0 = 2*w + 4*m - 26, -m - 4 + 21 = 4*w. What are the prime factors of w?
3
Suppose 4*x + 5*u - 45 = 0, -3*x + 3*u = -0*u. Suppose 4*p - x = 5*p, -p = i - 4. Suppose 4*v - i = 27. List the prime factors of v.
3
Suppose -i + 2*g = -1 + 20, -i - 20 = -g. Let b = 2 - i. Let t = -12 + b. What are the prime factors of t?
11
Suppose 2*f = -4*y - 64, -3*y = -0*y + 4*f + 48. Let u = -14 - y. What are the prime factors of u?
2
Let h(q) = -q - 7. Let v be h(-5). Let z = v + 5. Suppose 5*a + 3*p - 28 = 0, z*a + a - 28 = -p. List the prime factors of a.
2
Let p(t) = -13 - 4*t + t**2 + 3 - t. Let s(h) = h**3 - 11*h**2 + h - 4. Let a be s(11). What are the prime factors of p(a)?
2
Let y(t) = -t**2 + 6*t - 2. Let c be y(3). Let h = -4 + c. Suppose -4*g - 12 = -2*w, w - 4 = h*w + 4*g. What are the prime factors of w?
2
Let s = 16 - 5. Suppose 0 = -c + 3*q - 9, 0*q = -3*c + 5*q - 19. What are the prime factors of 1 + c + 1 + s?
2, 5
Let k = 10 - 7. Suppose -2*f - 9 = -k*f. What are the prime factors of f?
3
Let r = -55 - -142. List the prime factors of r.
3, 29
Let b be ((-5)/10)/((-1)/36). Suppose -3*w = -5*w + b. What are the prime factors of w?
3
Suppose -2*b + 3*p = -184, -p = -3*b - 6*p + 257. List the prime factors of b.
89
Let g be ((-304)/6)/((-5)/15). Let m = g + -105. List the prime factors of m.
47
Suppose 3 = -17*s + 14*s. Let v = 13 + s. List the prime factors of v.
2, 3
Suppose 19*l - 2996 - 3084 = 0. What are the prime factors of l?
2, 5
Let i(z) = 43 - z**2 + 0*z**2 - 56 - 15*z. List the prime factors of i(-10).
37
Let t(u) = 9*u + 11. Let w(n) = 14*n + 16. Let g(a) = 8*t(a) - 5*w(a). Let s be g(-8). Let x = -4 - s. List the prime factors of x.
2
Let n(i) = i**2 + 2*i + 3. Let s be 1/3 + 20/12. Let b be (2 - (-1 + s))*-2. List the prime factors of n(b).
3
Let q be ((-12)/10)/((-2)/100). Suppose -q = -0*u - 4*u. List the prime factors of u.
3, 5
Suppose -8 + 36 = 2*s. Let r = 128 + -38. List the prime factors of (r/(-35))/((-3)/s).
2, 3
Suppose -2*g = 2*g. Let u = g + 4. Suppose -u*c - 5 + 17 = 0. What are the prime factors of c?
3
List the prime factors of (-1604)/(-28) - (2/7)/1.
3, 19
Let y = -87 - -155. Suppose -4*z + 20 = y. Let o = 0 - z. List the prime factors of o.
2, 3
Let i = -18 + 22. Suppose 3*z + 10 = -8. List the prime factors of (28/(-3))/(i/z).
2, 7
Suppose -2*o - 3*b = -429, 3*o + 2*b - 666 = 5*b. What are the prime factors of o?
3, 73
Let m(j) = -j**2 + 1. Let r be m(-1). Suppose -4*x + 2*x = r. Suppose 5*z + 2*f = 28, -3*z + 15 = -x*z + 3*f. List the prime factors of z.
2, 3
Let n be 7 - 3/(12/(-16)). Let s = n - -31. What are the prime factors of s?
2, 3, 7
Let g(h) = 2*h**2 - 1. List the prime factors of g(7).
97
Let h(d) be the third derivative of -13*d**4/12 - d**3/6 - 3*d**2. What are the prime factors of h(-1)?
5
Let n be (-742)/(-5) - (-20)/(-50). Suppose 2*p + n = 6*p. What are the prime factors of p?
37
What are the prime factors of (-1)/(1*(-2)/78)?
3, 13
Suppose -h - 6 = -5*u, 0*u + 16 = 3*h + 2*u. What are the prime factors of h?
2
Suppose -2*y + y = -5. Suppose -y*t = -3*t - 22. Suppose -3 + t = 2*c. List the prime factors of c.
2
What are the prime factors of 176 + 2 + 9 + -5?
2, 7, 13
Let m = -6 + 29. What are the prime factors of m?
23
Let k(p) = -23*p - 9. List the prime factors of k(-5).
2, 53
Let m(t) = -t**3 - 18*t**2 - 19*t + 10. What are the prime factors of m(-17)?
2, 11
Suppose 4*k + 2*u = 5*u + 447, 2*k - 241 = 5*u. List the prime factors of k.
2, 3
Suppose -5*b - 161 + 487 = 4*f, 2*f - 3*b = 174. What are the prime factors of f?
2, 3, 7
Suppose -o + a + 21 = -52, 2*o + 2*a - 126 = 0. List the prime factors of o.
2, 17
Suppose 0*b + 5 = -5*b. Let m be ((-28)/(-6))/(b/(-3)). Let d = -5 + m. List the prime factors of d.
3
Let g(o) be the first derivative of -o**4/4 + o**3 + 3*o**2/2 + 2*o - 3. Let z be 4/(-10)*10/2. List the prime factors of g(z).
2
Suppose 3*v - 90 = 24. What are the prime factors of v?
2, 19
Let u = 11 - 21. Let h(a) = -2*a - 13. List the prime factors of h(u).
7
Let f(i) = 6*i**2 + 2*i + 1. Let m be f(-1). What are the prime factors of (-33 - 2)*(-2)/m?
2, 7
Suppose -8 - 1 = -3*x. Let a be 84/4*2/x. Let f = -6 + a. List the prime factors of f.
2
Suppose -16 + 1 = -3*z. Suppose z*v - 26 = 14. What are the prime factors of v?
2
Suppose 5*r - 1784 = -3*r. List the prime factors of r.
223
Suppose -3*j + 8 = j. Suppose j + 13 = m. What are the prime factors of m?
3, 5
Suppose 3*m + 545 = 8*m. List the prime factors of m.
109
What are the prime factors of (-1)/3*(-40 + 13)?
3
List the prime factors of (-3 - -5 - -1)*9.
3
Let x(c) = -c**3 - 5*c**2 + 6*c - 8. Let q(d) = d**3 - 9*d**2 - d + 3. Let t be q(9). Let i be x(t). What are the prime factors of (i/12)/((-2)/21)?
7
Let l = 112 - -71. What are the prime factors of l?
3, 61
Let y(m) = 38*m + 8. What are the prime factors of y(5)?
2, 3, 11
What are the prime factors of 68 + (-1 + 0)*5 + 3?
2, 3, 11
Suppose 3*y + 9 = -4*i + 32, 2*i - y = -1. Suppose -2*j + i - 22 = 4*w, 0 = -5*j - 10. Let h = w + 6. What are the prime factors of h?
2
Let y be 3/(-1) - (10 - 13). Suppose y*h = h - 40. What are the prime factors of h?
2, 5
Let a be 0 - (-1 + (-20 - 2)). Suppose -42 = -5*r + a. List the prime factors of r.
13
Let k(i) = 23*i**2 + 4*i - 4. Let g(t) = -12*t**2 - 2*t + 2. Let y(w) = 11*g(w) + 6*k(w). What are the prime factors of y(-2)?
2, 3
Suppose k - 7 = -2. Suppose -2*y = 5*o - 47, -70 = -k*y - 2*o - o. What are the prime factors of y?
11
Let x = -48 - -80. List the prime factors of x.
2
Let i(q) = -q**3 - 2*q**2 + 6*q - 7. List the prime factors of i(-5).
2, 19
Suppose 5*u = 4*d + 95, 0*d + 3*d + 31 = 2*u. List the prime factors of u.
23
Let o = 22 + -26. List the prime factors of (-36)/2*o/8.
3
Let p be (-6)/(-4) + 3/6. Suppose -3*c + 5*q + p = 0, -3*c - 3*q = -2*c + 4. Let a(f) = -6*f**3 + f**2. List the prime factors of a(c).
7
Let b(r) = 3*r**2 + 36*r - 1. List the prime factors of b(-15).
2, 67
Suppose 5 = 4*v - 3. Let b(z) = 2*z**3 - 4*z**2 + 2*z. Let d be b(v). Suppose -18 = -2*c + d*p, p + 39 = 2*c + 4*p. List the prime facto